mainder when 44700828 is divided by 787.
15
What is the remainder when 17450 is divided by 8163?
1124
Calculate the remainder when 149117712 is divided by 23.
18
Calculate the remainder when 6235962 is divided by 50.
12
Calculate the remainder when 330473144 is divided by 46.
36
What is the remainder when 52490104 is divided by 10?
4
What is the remainder when 181066 is divided by 15080?
106
What is the remainder when 789242 is divided by 2745?
1427
Calculate the remainder when 4526971 is divided by 3222.
61
What is the remainder when 18233 is divided by 5861?
650
What is the remainder when 95129487 is divided by 42?
33
What is the remainder when 6676252 is divided by 2225409?
25
Calculate the remainder when 26225 is divided by 670.
95
Calculate the remainder when 39183749 is divided by 27.
26
Calculate the remainder when 149217 is divided by 6214.
81
What is the remainder when 243543 is divided by 768?
87
What is the remainder when 21536 is divided by 1075?
36
What is the remainder when 26304758 is divided by 33?
29
What is the remainder when 110014 is divided by 484?
146
What is the remainder when 594242 is divided by 594116?
126
Calculate the remainder when 794173 is divided by 130.
3
What is the remainder when 201330 is divided by 1113?
990
Calculate the remainder when 221787 is divided by 20152.
115
What is the remainder when 10856717 is divided by 141?
140
What is the remainder when 426984 is divided by 1021?
206
Calculate the remainder when 24739 is divided by 4455.
2464
Calculate the remainder when 433564 is divided by 10082.
38
What is the remainder when 3837365 is divided by 1226?
1211
Calculate the remainder when 12303322 is divided by 78.
70
Calculate the remainder when 590020 is divided by 53632.
68
Calculate the remainder when 201560 is divided by 8001.
1535
What is the remainder when 516359 is divided by 34423?
14
Calculate the remainder when 512981 is divided by 200.
181
Calculate the remainder when 112019562 is divided by 5739.
21
Calculate the remainder when 4194221 is divided by 45.
41
Calculate the remainder when 323405978 is divided by 13.
12
Calculate the remainder when 7491092 is divided by 55903.
90
What is the remainder when 2103651 is divided by 9270?
8631
Calculate the remainder when 18359229 is divided by 61.
59
Calculate the remainder when 59709 is divided by 19456.
1341
Calculate the remainder when 77451 is divided by 63225.
14226
What is the remainder when 7995335 is divided by 741?
686
Calculate the remainder when 18286330 is divided by 12.
10
What is the remainder when 4859 is divided by 1967?
925
What is the remainder when 728739 is divided by 17270?
3399
What is the remainder when 23330877 is divided by 4666160?
77
Calculate the remainder when 3956699 is divided by 242.
241
What is the remainder when 813355 is divided by 31281?
49
What is the remainder when 57579458 is divided by 20?
18
Calculate the remainder when 94292 is divided by 46490.
1312
Calculate the remainder when 110670 is divided by 10001.
659
What is the remainder when 26927 is divided by 4481?
41
What is the remainder when 12281778 is divided by 423509?
17
What is the remainder when 134479 is divided by 1242?
343
Calculate the remainder when 56477498 is divided by 625.
623
What is the remainder when 175333 is divided by 309?
130
Calculate the remainder when 4757 is divided by 2803.
1954
Calculate the remainder when 1801780 is divided by 128647.
722
What is the remainder when 1367777 is divided by 312?
281
What is the remainder when 124350 is divided by 4?
2
What is the remainder when 2200213 is divided by 382?
275
Calculate the remainder when 115657 is divided by 3886.
2963
What is the remainder when 15576592 is divided by 197?
196
What is the remainder when 3096436 is divided by 339?
10
Calculate the remainder when 32317389 is divided by 802.
799
Calculate the remainder when 32872 is divided by 2999.
2882
What is the remainder when 13678 is divided by 722?
682
What is the remainder when 72099242 is divided by 119?
117
Calculate the remainder when 9210495 is divided by 28693.
42
Calculate the remainder when 625074 is divided by 56645.
1979
Calculate the remainder when 179817 is divided by 1224.
1113
What is the remainder when 7685195 is divided by 960647?
19
Calculate the remainder when 1366644 is divided by 1366507.
137
What is the remainder when 32932472 is divided by 394?
376
What is the remainder when 15515680 is divided by 373?
372
What is the remainder when 114552080 is divided by 1414223?
17
What is the remainder when 433652 is divided by 21551?
2632
What is the remainder when 25052097 is divided by 2404?
13
What is the remainder when 24274135 is divided by 3034261?
47
What is the remainder when 28113845 is divided by 28?
25
What is the remainder when 21569380 is divided by 7189786?
22
What is the remainder when 98100 is divided by 2832?
1812
What is the remainder when 2134004 is divided by 1066995?
14
Calculate the remainder when 71587 is divided by 9.
1
Calculate the remainder when 553399 is divided by 1383.
199
What is the remainder when 4797560 is divided by 1604?
1600
What is the remainder when 39309420 is divided by 7577?
7521
What is the remainder when 1733 is divided by 335?
58
What is the remainder when 6765679 is divided by 40?
39
Calculate the remainder when 1359057 is divided by 94.
5
What is the remainder when 1220381 is divided by 514?
145
What is the remainder when 7508219 is divided by 500546?
29
Calculate the remainder when 294657 is divided by 1448.
713
Calculate the remainder when 1071109 is divided by 792.
325
What is the remainder when 540507 is divided by 41577?
6
Calculate the remainder when 2329184614 is divided by 22.
20
What is the remainder when 1749932 is divided by 547?
79
What is the remainder when 310808 is divided by 1263?
110
Calculate the remainder when 23603475 is divided by 2622606.
21
What is the remainder when 7343182 is divided by 16689?
22
Calculate the remainder when 1999073 is divided by 65.
63
Calculate the remainder when 23219268 is divided by 373.
18
Calculate the remainder when 20802 is divided by 1502.
1276
What is the remainder when 279660226 is divided by 3532?
3530
Calculate the remainder when 1813705 is divided by 17.
9
Calculate the remainder when 1671164 is divided by 46.
30
Calculate the remainder when 40944752 is divided by 799.
796
Calculate the remainder when 489143057 is divided by 29.
28
What is the remainder when 181867 is divided by 90154?
1559
What is the remainder when 40082937 is divided by 9166?
19
Calculate the remainder when 1504868 is divided by 501580.
128
Calculate the remainder when 7337440 is divided by 1834317.
172
Calculate the remainder when 14974819 is divided by 10.
9
What is the remainder when 33802795 is divided by 469483?
19
Calculate the remainder when 58397 is divided by 134.
107
Calculate the remainder when 191860 is divided by 2425.
285
What is the remainder when 1485440 is divided by 212178?
194
Calculate the remainder when 34135 is divided by 8100.
1735
What is the remainder when 115429 is divided by 38467?
28
What is the remainder when 15196947 is divided by 1085492?
59
Calculate the remainder when 5515293 is divided by 831.
777
What is the remainder when 4600 is divided by 105?
85
Calculate the remainder when 285886567 is divided by 407.
406
Calculate the remainder when 23418440 is divided by 633.
605
What is the remainder when 5873702 is divided by 14758?
18
What is the remainder when 17807229 is divided by 948?
945
What is the remainder when 81952 is divided by 38901?
4150
Calculate the remainder when 111781 is divided by 2727.
2701
What is the remainder when 18915456 is divided by 177?
174
Calculate the remainder when 43408067 is divided by 210.
17
What is the remainder when 1218022 is divided by 415?
412
What is the remainder when 59256519 is divided by 1570?
9
What is the remainder when 117578 is divided by 23515?
3
What is the remainder when 1454274 is divided by 242379?
0
Calculate the remainder when 527656 is divided by 1202.
1180
What is the remainder when 2270487 is divided by 398?
295
Calculate the remainder when 737418 is divided by 1043.
17
Calculate the remainder when 482843 is divided by 60348.
59
Calculate the remainder when 37130